{"id":1093,"date":"2024-06-18T22:57:25","date_gmt":"2024-06-18T20:57:25","guid":{"rendered":"https:\/\/psychologuj.pl\/psychoterapia\/?page_id=1093"},"modified":"2025-02-24T18:40:46","modified_gmt":"2025-02-24T17:40:46","slug":"lukasz-muldner-nieckowski","status":"publish","type":"page","link":"https:\/\/psychologuj.pl\/psychoterapia\/lukasz-muldner-nieckowski\/","title":{"rendered":"\u0141ukasz M\u00fcldner-Nieckowski"},"content":{"rendered":"<p>Dr. \u0141ukasz M\u00fcldner-Nieckowski to <a href=\"https:\/\/psychologuj.pl\/specjalisci\/psychiatra\">psychiatra<\/a>, <a href=\"https:\/\/psychologuj.pl\/specjalisci\/psychoterapeuta\">psychoterapeuta<\/a>, psychoanalityk jungowski (IM IAAP) i superwizor, kt\u00f3ry od 24.05.2024 roku pe\u0142ni funkcj\u0119 konsultanta krajowego w dziedzinie psychoterapii. Jest specjalist\u0105 w dziedzinie psychiatrii i seksuologii, a tak\u017ce psychoterapeut\u0105 i superwizorem Sekcji Naukowej Psychoterapii Polskiego Towarzystwa Psychiatrycznego. Specjalizuje si\u0119 w <a href=\"https:\/\/psychologuj.pl\/psychoterapia\/psychoterapia-indywidualna-online\/\">terapii indywidualnej<\/a>, grupowej, oraz terapii par i rodzin. Dr. M\u00fcldner-Nieckowski prowadzi wyk\u0142ady i warsztaty dotycz\u0105ce <a href=\"https:\/\/psychologuj.pl\/specjalisci\/psychoterapeuta\/psychoanaliza\">psychoanalizy<\/a>, dialogu terapeutycznego, terapii grupowej, oraz leczenia zaburze\u0144 seksualnych na kursach psychoterapii.\u00a0 W swojej prywatnej praktyce zajmuje si\u0119 psychoterapi\u0105 analityczn\u0105, <a href=\"https:\/\/psychologuj.pl\/specjalisci\/psychoterapeuta\/psychoterapia-psychodynamiczna\">psychodynamiczn\u0105<\/a> oraz terapi\u0105 zaburze\u0144 seksualnych. Jest prezesem Polskiego Towarzystwa Psychoanalizy Jungowskiej.<\/p>\n<ul>\n<li>\u00a0Specjalista psychiatra i <a href=\"https:\/\/psychologuj.pl\/specjalisci\/seksuolog\">seksuolog<\/a><\/li>\n<li>\u00a0Certyfikat Psychoterapeuty oraz Superwizora SNP PTP<\/li>\n<li>\u00a0Certyfikat Seksuologa Klinicznego oraz Superwizora PTS<\/li>\n<li>\u00a0Certyfikowany analityk jungowski (IM IAAP)<\/li>\n<\/ul>\n<p>Jest kierownikiem Psychoterapii Zaburze\u0144 Seksualnych i pracuje w Poradni Terapii Rodzin Szpitala Uniwersyteckiego w Krakowie, cz\u0142onkiem Zarz\u0105du Polskiego Towarzystwa Psychoanalizy Jungowskiej oraz Przewodnicz\u0105cy Zarz\u0105du Sekcji Naukowej Psychoterapii Polskiego Towarzystwa Psychiatrycznego.\u00a0 Pe\u0142ni r\u00f3wnie\u017c funkcj\u0119 Seksuologa Klinicznego i superwizora Polskiego Towarzystwa Seksuologicznego oraz adiunkta w Pracowni Seksuologii Katedry Psychiatrii Uniwersytetu Jagiello\u0144skiego Collegium Medicum. Jest te\u017c cz\u0142onkiem indywidualnym International Association for Analytical Psychology.<\/p>\n<p>W latach 2002-2019 \u0141ukasz M\u00fcldner-Nieckowski pracowa\u0142 w Szpitalu Uniwersyteckim w Krakowie, zaczynaj\u0105c jako lekarz rezydent, a nast\u0119pnie jako asystent i starszy asystent w Zak\u0142adzie Psychoterapii, gdzie zajmowa\u0142 si\u0119 psychoterapi\u0105 indywidualn\u0105, grupow\u0105 oraz kwalifikacj\u0105 do terapii. Od 2016 roku prowadzi\u0142 terapi\u0119 par i kwalifikacj\u0119 do terapii w Poradni Terapii Rodzin Kliniki Psychiatrii Doros\u0142ych. W latach 2007-2015 by\u0142 asystentem w Katedrze Psychoterapii, a od 2016 do 2019 roku adiunktem w Pracowni Seksuologii Katedry Psychiatrii Uniwersytetu Jagiello\u0144skiego Collegium Medicum w Krakowie. Prowadzi wyk\u0142ady i warsztaty z psychoanalizy, dialogu terapeutycznego, terapii grupowej oraz leczenia zaburze\u0144 seksualnych, a tak\u017ce kieruje Kursem Psychoterapii Zaburze\u0144 Seksualnych w Krakowie.<\/p>\n<p>Od 2005 roku dr M\u00fcldner-Nieckowski prowadzi psychoterapi\u0119 analityczn\u0105, psychodynamiczn\u0105 lub integracyjn\u0105, w zale\u017cno\u015bci od problematyki, specjalizuj\u0105c si\u0119 w terapii zaburze\u0144 seksualnych. Pracuje indywidualnie, z parami oraz grupami, pe\u0142ni\u0105c tak\u017ce funkcj\u0119 superwizora psychodynamicznego oraz terapii seksuologicznej. Jest Przewodnicz\u0105cym Sekcji Naukowej Psychoterapii Polskiego Towarzystwa Psychiatrycznego na lata 2022-2025 oraz Prezesem Polskiego Towarzystwa Psychoanalizy Jungowskiej od 2016 roku.<\/p>\n<p>&#8222;Od 2005 roku, moja praktyka skupia si\u0119 na psychoterapii analitycznej i psychodynamicznej, gdzie wa\u017cne jest dla mnie zrozumienie i wsparcie pacjenta w jego indywidualnych wyzwaniach. Pracuj\u0119 z pacjentami zar\u00f3wno indywidualnie, jak i w grupach, zawsze d\u0105\u017c\u0105c do zapewnienia przestrzeni na rozw\u00f3j i samorealizacj\u0119\u201d.<\/p>\n<hr \/>\n<p><strong><a href=\"https:\/\/psychologuj.pl\/psychologia\/znani-psychologowie\/\">Znani psychologowie<\/a>\u00a0\u2022\u00a0<a href=\"https:\/\/psychologuj.pl\/psychoterapia\/znani-psychoterapeuci\/\">Znani psychoterapeuci<\/a><\/strong><\/p>\n\n\n<div class=\"kk-star-ratings kksr-auto kksr-align-left kksr-valign-bottom\"\n    data-payload='{&quot;align&quot;:&quot;left&quot;,&quot;id&quot;:&quot;1093&quot;,&quot;slug&quot;:&quot;default&quot;,&quot;valign&quot;:&quot;bottom&quot;,&quot;ignore&quot;:&quot;&quot;,&quot;reference&quot;:&quot;auto&quot;,&quot;class&quot;:&quot;&quot;,&quot;count&quot;:&quot;7&quot;,&quot;legendonly&quot;:&quot;&quot;,&quot;readonly&quot;:&quot;&quot;,&quot;score&quot;:&quot;4.9&quot;,&quot;starsonly&quot;:&quot;&quot;,&quot;best&quot;:&quot;5&quot;,&quot;gap&quot;:&quot;5&quot;,&quot;greet&quot;:&quot;Twoja ocena&quot;,&quot;legend&quot;:&quot;Ocena 4.9\\\/5 - (7 g\u0142os\u00f3w)&quot;,&quot;size&quot;:&quot;24&quot;,&quot;title&quot;:&quot;\u0141ukasz M\u00fcldner-Nieckowski&quot;,&quot;width&quot;:&quot;139.6&quot;,&quot;_legend&quot;:&quot;Ocena {score}\\\/{best} - ({count} g\u0142os\u00f3w)&quot;,&quot;font_factor&quot;:&quot;1.25&quot;}'>\n            \n<div class=\"kksr-stars\">\n    \n<div class=\"kksr-stars-inactive\">\n            <div class=\"kksr-star\" data-star=\"1\" style=\"padding-right: 5px\">\n            \n\n<div class=\"kksr-icon\" style=\"width: 24px; height: 24px;\"><\/div>\n        <\/div>\n            <div class=\"kksr-star\" data-star=\"2\" style=\"padding-right: 5px\">\n            \n\n<div class=\"kksr-icon\" style=\"width: 24px; height: 24px;\"><\/div>\n        <\/div>\n            <div class=\"kksr-star\" data-star=\"3\" style=\"padding-right: 5px\">\n            \n\n<div class=\"kksr-icon\" style=\"width: 24px; height: 24px;\"><\/div>\n        <\/div>\n            <div class=\"kksr-star\" data-star=\"4\" style=\"padding-right: 5px\">\n            \n\n<div class=\"kksr-icon\" style=\"width: 24px; height: 24px;\"><\/div>\n        <\/div>\n            <div class=\"kksr-star\" data-star=\"5\" style=\"padding-right: 5px\">\n            \n\n<div class=\"kksr-icon\" style=\"width: 24px; height: 24px;\"><\/div>\n        <\/div>\n    <\/div>\n    \n<div class=\"kksr-stars-active\" style=\"width: 139.6px;\">\n            <div class=\"kksr-star\" style=\"padding-right: 5px\">\n            \n\n<div class=\"kksr-icon\" style=\"width: 24px; height: 24px;\"><\/div>\n        <\/div>\n            <div class=\"kksr-star\" style=\"padding-right: 5px\">\n            \n\n<div class=\"kksr-icon\" style=\"width: 24px; height: 24px;\"><\/div>\n        <\/div>\n            <div class=\"kksr-star\" style=\"padding-right: 5px\">\n            \n\n<div class=\"kksr-icon\" style=\"width: 24px; height: 24px;\"><\/div>\n        <\/div>\n            <div class=\"kksr-star\" style=\"padding-right: 5px\">\n            \n\n<div class=\"kksr-icon\" style=\"width: 24px; height: 24px;\"><\/div>\n        <\/div>\n            <div class=\"kksr-star\" style=\"padding-right: 5px\">\n            \n\n<div class=\"kksr-icon\" style=\"width: 24px; height: 24px;\"><\/div>\n        <\/div>\n    <\/div>\n<\/div>\n                \n\n<div class=\"kksr-legend\" style=\"font-size: 19.2px;\">\n            Ocena 4.9\/5 - (7 g\u0142os\u00f3w)    <\/div>\n    <\/div>\n","protected":false},"excerpt":{"rendered":"<p>Dr. \u0141ukasz M\u00fcldner-Nieckowski to psychiatra, psychoterapeuta, psychoanalityk jungowski (IM IAAP) i superwizor, kt\u00f3ry od 24.05.2024 roku pe\u0142ni funkcj\u0119 konsultanta krajowego w dziedzinie psychoterapii. Jest specjalist\u0105 w dziedzinie psychiatrii i seksuologii, a tak\u017ce psychoterapeut\u0105 i superwizorem Sekcji Naukowej Psychoterapii Polskiego Towarzystwa Psychiatrycznego. Specjalizuje si\u0119 w terapii indywidualnej, grupowej, oraz terapii par i rodzin. Dr. M\u00fcldner-Nieckowski prowadzi wyk\u0142ady i warsztaty dotycz\u0105ce psychoanalizy, dialogu terapeutycznego, terapii grupowej, oraz leczenia zaburze\u0144 seksualnych na kursach psychoterapii.\u00a0 W swojej prywatnej praktyce zajmuje si\u0119 psychoterapi\u0105 analityczn\u0105, psychodynamiczn\u0105 oraz terapi\u0105 zaburze\u0144 seksualnych. Jest prezesem Polskiego Towarzystwa Psychoanalizy Jungowskiej. \u00a0Specjalista psychiatra i seksuolog \u00a0Certyfikat Psychoterapeuty oraz Superwizora SNP PTP &hellip; <\/p>\n","protected":false},"author":2,"featured_media":1098,"parent":0,"menu_order":0,"comment_status":"closed","ping_status":"closed","template":"","meta":{"footnotes":""},"class_list":["post-1093","page","type-page","status-publish","has-post-thumbnail","hentry"],"_links":{"self":[{"href":"https:\/\/psychologuj.pl\/psychoterapia\/wp-json\/wp\/v2\/pages\/1093","targetHints":{"allow":["GET"]}}],"collection":[{"href":"https:\/\/psychologuj.pl\/psychoterapia\/wp-json\/wp\/v2\/pages"}],"about":[{"href":"https:\/\/psychologuj.pl\/psychoterapia\/wp-json\/wp\/v2\/types\/page"}],"author":[{"embeddable":true,"href":"https:\/\/psychologuj.pl\/psychoterapia\/wp-json\/wp\/v2\/users\/2"}],"replies":[{"embeddable":true,"href":"https:\/\/psychologuj.pl\/psychoterapia\/wp-json\/wp\/v2\/comments?post=1093"}],"version-history":[{"count":2,"href":"https:\/\/psychologuj.pl\/psychoterapia\/wp-json\/wp\/v2\/pages\/1093\/revisions"}],"predecessor-version":[{"id":1397,"href":"https:\/\/psychologuj.pl\/psychoterapia\/wp-json\/wp\/v2\/pages\/1093\/revisions\/1397"}],"wp:featuredmedia":[{"embeddable":true,"href":"https:\/\/psychologuj.pl\/psychoterapia\/wp-json\/wp\/v2\/media\/1098"}],"wp:attachment":[{"href":"https:\/\/psychologuj.pl\/psychoterapia\/wp-json\/wp\/v2\/media?parent=1093"}],"curies":[{"name":"wp","href":"https:\/\/api.w.org\/{rel}","templated":true}]}}