{"id":2280,"date":"2024-10-09T13:55:13","date_gmt":"2024-10-09T11:55:13","guid":{"rendered":"https:\/\/psychologuj.pl\/psychologia\/?page_id=2280"},"modified":"2025-02-06T11:04:41","modified_gmt":"2025-02-06T10:04:41","slug":"wolontariat-psychologia-lublin","status":"publish","type":"page","link":"https:\/\/psychologuj.pl\/psychologia\/wolontariat-psychologia-lublin\/","title":{"rendered":"Wolontariat Psychologia Lublin"},"content":{"rendered":"<h2>Zesp\u00f3\u0142 Poradni nr 1 w Lublinie<\/h2>\n<p>Zesp\u00f3\u0142 Poradni nr 1 w <a href=\"https:\/\/psychologuj.pl\/specjalisci\/lublin-c3765876\">Lublinie<\/a>, obejmuj\u0105cy Poradni\u0119 Psychologiczno-Pedagogiczn\u0105 nr 5 oraz Specjalistyczn\u0105 Poradni\u0119 Zawodow\u0105, tworzy zintegrowan\u0105 ca\u0142o\u015b\u0107. Dzia\u0142a od 1972 roku, a od 1993 funkcjonuje w obecnym kszta\u0142cie. Jego g\u0142\u00f3wnym celem jest wspieranie wszechstronnego rozwoju dzieci i m\u0142odzie\u017cy oraz udzielanie im odpowiedniej pomocy.<\/p>\n<p>Od 2003 roku oferowana jest mo\u017cliwo\u015b\u0107 zdobywania do\u015bwiadczenia zawodowego poprzez wolontariat. Najcz\u0119\u015bciej anga\u017cuj\u0105 si\u0119 w niego studenci psychologii i pedagogiki, ale wsp\u00f3\u0142praca jest otwarta dla wszystkich zainteresowanych pomoc\u0105 dzieciom, m\u0142odzie\u017cy i ich rodzinom. Wolontariusze wspieraj\u0105 uczni\u00f3w, zw\u0142aszcza tych z trudno\u015bciami w nauce, dysleksj\u0105, nadpobudliwo\u015bci\u0105 lub problemami emocjonalnymi, zar\u00f3wno w szkole, domu, jak i w poradni.<\/p>\n<h3>Wolontariat psychologiczny w Zespole Poradni nr 1 w Lublinie<\/h3>\n<p>Podj\u0119cie wolontariatu wymaga uczestnictwa w corocznych szkoleniach, o kt\u00f3rych informacje s\u0105 dost\u0119pne na stronie internetowej i plakatach. W trakcie wolontariatu uczestnicy mog\u0105 liczy\u0107 na indywidualne konsultacje i wsparcie merytoryczne pracownika poradni.<\/p>\n<p>Szczeg\u00f3\u0142owe informacje dotycz\u0105ce wolontariatu mo\u017cna uzyska\u0107 u koordynatorki Aleksandry Wroczy\u0144skiej (aleksandra.wroczynska@zp1.lublin.eu). W sprawach porozumie\u0144 nale\u017cy kontaktowa\u0107 si\u0119 z Aleksandr\u0105 Wroczy\u0144sk\u0105 lub Ewelin\u0105 Ciszek-Nazar (ewelina.ciszek-nazar@zp1.lublin.eu). Mo\u017cliwy jest r\u00f3wnie\u017c kontakt telefoniczny pod numerem 509-731-851.<\/p>\n<p><strong>Kontakt<\/strong><\/p>\n<p>Zesp\u00f3\u0142 Poradni nr 1\u00a0w\u00a0Lublinie<br \/>\nul.\u00a0Magnoliowa 8,<br \/>\n20-143\u00a0Lublin<br \/>\npoczta@zp1.lublin.eu<br \/>\nwww.zp1.lublin.eu<\/p>\n<h2>O\u015brodek Fundacji Praesterno<\/h2>\n<p>O\u015brodek skierowany jest do m\u0142odzie\u017cy, poniewa\u017c wspieranie ich w rozwi\u0105zywaniu dylemat\u00f3w okresu dojrzewania ma kluczowe znaczenie dla przysz\u0142ego sukcesu \u017cyciowego. Fundacja oferuje bezp\u0142atn\u0105 pomoc psychologiczn\u0105 dla m\u0142odzie\u017cy (M\u0142odzie\u017cowe Grupy Wsparcia oraz konsultacje indywidualne), rodzic\u00f3w nastolatk\u00f3w (zaj\u0119cia grupowe oraz konsultacje w ramach programu \u201eDomowe Partnerstwo\u201d) oraz student\u00f3w (zaj\u0119cia grupowe).<\/p>\n<p>Wolontariat psychologiczny w O\u015brodku Fundacji Praesterno<\/p>\n<p>Fundacja prowadzi program, kt\u00f3ry oferuje studentom III, IV i V roku psychologii bogate do\u015bwiadczenie w pracy z klientem metodami psychologicznymi.<\/p>\n<p>W ramach jednorocznego wolontariatu (wrzesie\u0144 \u2013 czerwiec) przewidziano sta\u017c w M\u0142odzie\u017cowej Grupie Wsparcia oraz uczestnictwo w Spotkaniach Klinicznych Zespo\u0142u. Wolontariusze mog\u0105 obserwowa\u0107 prac\u0119 z grup\u0105, omawia\u0107 procesy grupowe oraz uczestniczy\u0107 w superwizji, co pozwala na poszerzanie wiedzy o do\u015bwiadczenia innych grup, przedstawianie studi\u00f3w przypadk\u00f3w i analizowanie zachowa\u0144.<\/p>\n<p>Program Fundacji zosta\u0142 umieszczony w europejskiej bazie program\u00f3w profilaktycznych EDDRA, kt\u00f3ra gromadzi dane o programach spe\u0142niaj\u0105cych standardy jako\u015bci w zakresie profilaktyki narkomanii i leczenia.<\/p>\n<p><strong>Kontakt<\/strong><\/p>\n<p>O\u015brodek Fundacji Praesterno w Lublinie zaprasza na spotkania w Lublinie przy ul. G\u0142\u0119bokiej 8A od poniedzia\u0142ku do pi\u0105tku w godzinach 16:00-18:00. Mo\u017cliwy jest r\u00f3wnie\u017c kontakt telefoniczny pod numerami 601 199 711 lub 663 742 779.<br \/>\nwww.lublin.praesterno.pl<\/p>\n<h2>Centrum Wolontariatu w Lublinie<\/h2>\n<p>Stowarzyszenie Centrum Wolontariatu w Lublinie z siedzib\u0105 w Lublinie, dzia\u0142a na terenie Wojew\u00f3dztwa Lubelskiego, ale realizuje swoje cele tak\u017ce w ca\u0142ej Polsce i poza jej granicami. Jego g\u0142\u00f3wne zadania obejmuj\u0105 aktywizacj\u0119 spo\u0142eczn\u0105 poprzez promowanie wolontariatu oraz edukacj\u0119 na temat tej formy dzia\u0142alno\u015bci. Organizacja wspiera tak\u017ce dzia\u0142ania charytatywne, pomoc spo\u0142eczn\u0105, mniejszo\u015bci narodowe, migrant\u00f3w, uchod\u017ac\u00f3w oraz osoby w trudnej sytuacji \u017cyciowej.<\/p>\n<p>Dzia\u0142ania Stowarzyszenia obejmuj\u0105 promocj\u0119 zdrowia, wsparcie os\u00f3b niepe\u0142nosprawnych, aktywizacj\u0119 zawodow\u0105 oraz r\u00f3wne prawa kobiet i m\u0119\u017cczyzn. Zajmuje si\u0119 tak\u017ce rozwojem lokalnych spo\u0142eczno\u015bci, edukacj\u0105, kultur\u0105, ochron\u0105 dziedzictwa, promocj\u0105 sportu, ochron\u0105 \u015brodowiska i zwierz\u0105t, a tak\u017ce przeciwdzia\u0142aniem patologiom spo\u0142ecznym. W obszarze bezpiecze\u0144stwa publicznego i praw cz\u0142owieka, Stowarzyszenie dzia\u0142a na rzecz swob\u00f3d obywatelskich, demokracji i integracji europejskiej. Wa\u017cnym elementem dzia\u0142alno\u015bci jest pomoc ofiarom katastrof, kl\u0119sk \u017cywio\u0142owych i konflikt\u00f3w, a tak\u017ce wsparcie reintegracji spo\u0142ecznej os\u00f3b osadzonych oraz os\u00f3b opuszczaj\u0105cych plac\u00f3wki penitencjarne.<\/p>\n<p>Centrum Wolontariatu w Lublinie oferuje prac\u0119 w dynamicznym zespole pod nadzorem koordynatora. Wolontariusze maj\u0105 mo\u017cliwo\u015b\u0107 podnoszenia kompetencji oraz uczestnictwa w szkoleniach i wydarzeniach o zasi\u0119gu regionalnym i krajowym.<\/p>\n<p>O\u015brodek Pomocy Postpenitencjarnej wspiera osoby osadzone i opuszczaj\u0105ce zak\u0142ady karne oraz ich bliskich w procesie readaptacji spo\u0142ecznej. Oferowane wsparcie obejmuje pomoc psychologiczn\u0105, konsultacje prawne, terapi\u0119 uzale\u017cnie\u0144, szkolenia zawodowe oraz dora\u017an\u0105 pomoc materialn\u0105, a tak\u017ce pomoc w znalezieniu pracy i mieszkania.<\/p>\n<p>Dla os\u00f3b w kryzysie bezdomno\u015bci prowadzona jest sto\u0142\u00f3wka, gdzie mo\u017cna otrzyma\u0107 ciep\u0142y posi\u0142ek, wsparcie przedmedyczne, odzie\u017c, a zim\u0105 tak\u017ce koce. Sto\u0142\u00f3wka jest miejscem, w kt\u00f3rym osoby potrzebuj\u0105ce mog\u0105 znale\u017a\u0107 impuls do zmiany swojego \u017cycia.<\/p>\n<p>Mobilny Gor\u0105cy Patrol dociera do os\u00f3b, kt\u00f3re nie potrafi\u0105 same zg\u0142osi\u0107 si\u0119 po pomoc, odwiedzaj\u0105c altanki, \u015bmietniki i dworce. Wolontariusze dostarczaj\u0105 gor\u0105ce posi\u0142ki, herbat\u0119, a przede wszystkim nawi\u0105zuj\u0105 kontakt poprzez rozmow\u0119 lub wys\u0142uchanie, co pomaga przezwyci\u0119\u017cy\u0107 samotno\u015b\u0107 i brak wsparcia, z kt\u00f3rymi cz\u0119sto mierz\u0105 si\u0119 osoby wykluczone spo\u0142ecznie. Konsultacje odbywaj\u0105 si\u0119 w biurze, gdzie w bezpiecznej atmosferze pracownicy analizuj\u0105 potrzeby osoby potrzebuj\u0105cej, wsp\u00f3lnie ustalaj\u0105c formy d\u0142ugofalowej pomocy.<\/p>\n<p>Domy Nadziei oferuj\u0105 schronienie osobom w kryzysie, pomagaj\u0105c im odzyska\u0107 poczucie godno\u015bci poprzez zapewnienie czysto\u015bci, spokoju i odpoczynku. Mieszka\u0144cy podejmuj\u0105 decyzje o trze\u017awo\u015bci i uczestnictwie w terapii, a wsparcie opiera si\u0119 na zasadzie samodzielno\u015bci, co gwarantuje skuteczno\u015b\u0107 tego systemu pomocy.<\/p>\n<h3>Pomoc psychologiczna w Centrum Wolontariatu w Lublinie<\/h3>\n<p>Pomoc psychologiczna, grupa wsparcia i terapeutyczna skupiaj\u0105 si\u0119 na nauce radzenia sobie ze stresem, trudnymi emocjami oraz wstydem. Zaj\u0119cia pomagaj\u0105 r\u00f3wnie\u017c w budowaniu zdrowych relacji interpersonalnych, akceptacji siebie i motywowaniu do zmiany. Uczestnicy ucz\u0105 si\u0119 zarz\u0105dzania swoim bud\u017cetem i odnajdywania si\u0119 na rynku pracy.<\/p>\n<p>Indywidualne sesje z psychologiem umo\u017cliwiaj\u0105 dog\u0142\u0119bny wgl\u0105d w siebie i przepracowanie trudnych moment\u00f3w \u017cyciowych, co stanowi istotne wsparcie emocjonalne, mimo r\u00f3\u017cnorodno\u015bci problem\u00f3w, z jakimi zg\u0142aszaj\u0105 si\u0119 uczestnicy.<\/p>\n<p><strong>Kontakt<\/strong><\/p>\n<p>Stowarzyszenie Centrum Wolontariatu<br \/>\nul. Gospodarcza 2<br \/>\n20-217 Lublin<br \/>\nwww.wolontariat.lublin.pl<br \/>\nlublin.wolontariat@gmail.com<br \/>\n81 534 26 52<\/p>\n<h2>Dom Pomocy Spo\u0142ecznej im. \u015aw. Jana Paw\u0142a II w Lublinie<\/h2>\n<p>Dom Pomocy Spo\u0142ecznej im. \u015aw. Jana Paw\u0142a II w Lublinie, znajduj\u0105cy si\u0119 przy ul. Ametystowej 22, zlokalizowany jest w nowoczesnym budynku w malowniczej okolicy osiedla Czuby, w pobli\u017cu lasu. Obiekt jest dostosowany do potrzeb os\u00f3b niepe\u0142nosprawnych i sk\u0142ada si\u0119 z dw\u00f3ch segment\u00f3w. Cz\u0119\u015b\u0107 A to Dom Pomocy Spo\u0142ecznej, kt\u00f3ry mo\u017ce pomie\u015bci\u0107 57 os\u00f3b starszych oraz przewlekle chorych, natomiast cz\u0119\u015b\u0107 B obejmuje mieszkania chronione dla 39 os\u00f3b, kt\u00f3re potrzebuj\u0105 wsparcia, ale nie wymagaj\u0105 ca\u0142odobowej opieki.<\/p>\n<p>Plac\u00f3wka \u015bwiadczy us\u0142ugi bytowe, opieku\u0144cze i wspomagaj\u0105ce zgodnie z obowi\u0105zuj\u0105cymi standardami. Mieszka\u0144cy maj\u0105 mo\u017cliwo\u015b\u0107 uczestnictwa w terapii zaj\u0119ciowej, a tak\u017ce zaspokajania potrzeb religijnych i kulturalnych. Dom wspiera rozw\u00f3j samorz\u0105dno\u015bci mieszka\u0144c\u00f3w oraz utrzymuje kontakty z ich rodzinami i lokalnym \u015brodowiskiem.<\/p>\n<p>Osoby przebywaj\u0105ce w mieszkaniach chronionych mog\u0105 wsp\u00f3\u0142pracowa\u0107 z personelem, aby przygotowa\u0107 si\u0119 do samodzielnego \u017cycia lub otrzyma\u0107 wsparcie w codziennych obowi\u0105zkach. Dodatkowo, przy Domu funkcjonuje Klub Seniora, oferuj\u0105cy r\u00f3\u017cnorodne zaj\u0119cia oraz wydarzenia kulturalne, a tak\u017ce pe\u0142ni\u0105cy rol\u0119 miejsca spotka\u0144 dla lokalnych senior\u00f3w. Dom jest otwarty na wolontariuszy, kt\u00f3rzy pragn\u0105 sp\u0119dza\u0107 czas z mieszka\u0144cami.<\/p>\n<h3>Wolontariat w Domu Pomocy Spo\u0142ecznej im. \u015aw. Jana Paw\u0142a II<\/h3>\n<p>Wolontariusze w Domu Pomocy Spo\u0142ecznej im. \u015aw. Jana Paw\u0142a II to osoby w r\u00f3\u017cnym wieku, w tym uczniowie, studenci, doro\u015bli i seniorzy, kt\u00f3rzy anga\u017cuj\u0105 si\u0119 w \u017cycie plac\u00f3wki. Ich wsparcie koncentruje si\u0119 g\u0142\u00f3wnie na organizacji czasu wolnego i towarzyszeniu podopiecznym w codziennych czynno\u015bciach.<\/p>\n<p>Co roku organizowana jest Gala Wolontariatu, podczas kt\u00f3rej dzi\u0119kuje si\u0119 wolontariuszom za ich czas i zaanga\u017cowanie.<\/p>\n<p><strong>Formy zaanga\u017cowania<\/strong><\/p>\n<p>Wolontariusze mog\u0105 wybiera\u0107 spo\u015br\u00f3d trzech form dzia\u0142alno\u015bci w plac\u00f3wce:<\/p>\n<p><strong>Wsparcie indywidualne<\/strong> \u2013 pomoc jednemu mieszka\u0144cowi, obejmuj\u0105ca m.in. wsp\u00f3lne spacery, rozmowy, czytanie ksi\u0105\u017cek czy pomoc w drobnych zakupach, co szczeg\u00f3lnie korzystnie wp\u0142ywa na osoby samotne.<br \/>\n<strong>Wsparcie grupowe<\/strong> \u2013 wsp\u00f3\u0142prowadzenie zaj\u0119\u0107 terapeutycznych, artystycznych, a tak\u017ce pomoc w organizacji imprez okoliczno\u015bciowych w plac\u00f3wce.<br \/>\n<strong>Wsparcie dla personelu<\/strong> \u2013 wykonywanie zada\u0144 zgodnych z posiadanymi kwalifikacjami poprzez wsp\u00f3\u0142prac\u0119 z opiekunami, piel\u0119gniarkami, fizjoterapeutami oraz innymi pracownikami.<\/p>\n<p>Do wolontariatu mog\u0105 przyst\u0105pi\u0107 wszyscy ch\u0119tni, niezale\u017cnie od wieku, jednak osoby niepe\u0142noletnie musz\u0105 uzyska\u0107 zgod\u0119 opiekuna.<\/p>\n<p><strong>Kontakt<\/strong><\/p>\n<p>Dom Pomocy Spo\u0142ecznej im. \u015aw. Jana Paw\u0142a II<br \/>\n20-577 Lublin<br \/>\nul. Ametystowa 22<\/p>\n<p>tel. (81) 466-55-88 wew. 17<br \/>\npsycholog@dpsametystowa.lublin.eu<br \/>\npok\u00f3j nr 220A (pi\u0119tro 2)<\/p>\n<h2>Regionalne Centrum Wolontariatu w Lublinie<\/h2>\n<p>Wolontariusze zaanga\u017cowani w dzia\u0142ania Stowarzyszenia Centrum Wolontariatu funkcjonuj\u0105 w grupach programowych, pracuj\u0105c w zespo\u0142ach, nigdy indywidualnie. Regularne cotygodniowe spotkania z koordynatorem stanowi\u0105 dodatkowy atut wsp\u00f3\u0142pracy, umo\u017cliwiaj\u0105c planowanie dzia\u0142a\u0144, omawianie ewentualnych problem\u00f3w oraz spotkania z interesuj\u0105cymi go\u015b\u0107mi.<\/p>\n<p>Uczestnictwo w wolontariacie wi\u0105\u017ce si\u0119 tak\u017ce z dost\u0119pem do szkole\u0144, paneli dyskusyjnych, warsztat\u00f3w oraz spotka\u0144 integracyjnych. Anga\u017cowanie si\u0119 w inicjatywy Stowarzyszenia to nie tylko szansa na pomoc chorym i zaniedbanym dzieciom, osobom po konfliktach z prawem, bezdomnym, uchod\u017acom oraz osobom z zaburzeniami psychicznymi, ale tak\u017ce mo\u017cliwo\u015b\u0107 samorozwoju i zdobycia nowych umiej\u0119tno\u015bci (szczeg\u00f3\u0142y dost\u0119pne w zak\u0142adce Programy).<\/p>\n<p>Spotkania odbywaj\u0105 si\u0119 o godzinie 19:00 w Centrum Wolontariatu przy ul. G\u0142\u0119bokiej 17 w Lublinie.<\/p>\n<p><strong>Kontakt<\/strong><\/p>\n<p>Regionalne Centrum Wolontariatu w Lublinie<br \/>\nul. Jezuicka 4 (I pi\u0119tro)<br \/>\n20-213 Lublin<br \/>\ntel. +48 (81) 534 26 52<br \/>\nfax: +48 (81) 532 45 45<br \/>\ne-mail: lublin@wolontariat.org.pl<br \/>\nwolontariat.org.pl\/lublin<\/p>\n<hr \/>\n<p><strong><a href=\"https:\/\/psychologuj.pl\/psychologia\/wolontariat-psychologiczny\/\">Wolontariat psychologiczny<\/a> | <a href=\"https:\/\/psychologuj.pl\/specjalisci\/psycholog_lublin-c3765876\">Psycholog Lublin<\/a> | <a href=\"https:\/\/psychologuj.pl\/specjalisci\/psychoterapeuta_lublin-c3765876\">Psychoterapia Lublin<\/a><\/strong><\/p>\n\n\n<div class=\"kk-star-ratings kksr-auto kksr-align-left kksr-valign-bottom\"\n    data-payload='{&quot;align&quot;:&quot;left&quot;,&quot;id&quot;:&quot;2280&quot;,&quot;slug&quot;:&quot;default&quot;,&quot;valign&quot;:&quot;bottom&quot;,&quot;ignore&quot;:&quot;&quot;,&quot;reference&quot;:&quot;auto&quot;,&quot;class&quot;:&quot;&quot;,&quot;count&quot;:&quot;1&quot;,&quot;legendonly&quot;:&quot;&quot;,&quot;readonly&quot;:&quot;&quot;,&quot;score&quot;:&quot;5&quot;,&quot;starsonly&quot;:&quot;&quot;,&quot;best&quot;:&quot;5&quot;,&quot;gap&quot;:&quot;5&quot;,&quot;greet&quot;:&quot;Twoja ocena&quot;,&quot;legend&quot;:&quot;Ocena 5\\\/5 - (1 g\u0142os\u00f3w)&quot;,&quot;size&quot;:&quot;24&quot;,&quot;title&quot;:&quot;Wolontariat Psychologia Lublin&quot;,&quot;width&quot;:&quot;142.5&quot;,&quot;_legend&quot;:&quot;Ocena {score}\\\/{best} - ({count} g\u0142os\u00f3w)&quot;,&quot;font_factor&quot;:&quot;1.25&quot;}'>\n            \n<div class=\"kksr-stars\">\n    \n<div class=\"kksr-stars-inactive\">\n            <div class=\"kksr-star\" data-star=\"1\" style=\"padding-right: 5px\">\n            \n\n<div class=\"kksr-icon\" style=\"width: 24px; height: 24px;\"><\/div>\n        <\/div>\n            <div class=\"kksr-star\" data-star=\"2\" style=\"padding-right: 5px\">\n            \n\n<div class=\"kksr-icon\" style=\"width: 24px; height: 24px;\"><\/div>\n        <\/div>\n            <div class=\"kksr-star\" data-star=\"3\" style=\"padding-right: 5px\">\n            \n\n<div class=\"kksr-icon\" style=\"width: 24px; height: 24px;\"><\/div>\n        <\/div>\n            <div class=\"kksr-star\" data-star=\"4\" style=\"padding-right: 5px\">\n            \n\n<div class=\"kksr-icon\" style=\"width: 24px; height: 24px;\"><\/div>\n        <\/div>\n            <div class=\"kksr-star\" data-star=\"5\" style=\"padding-right: 5px\">\n            \n\n<div class=\"kksr-icon\" style=\"width: 24px; height: 24px;\"><\/div>\n        <\/div>\n    <\/div>\n    \n<div class=\"kksr-stars-active\" style=\"width: 142.5px;\">\n            <div class=\"kksr-star\" style=\"padding-right: 5px\">\n            \n\n<div class=\"kksr-icon\" style=\"width: 24px; height: 24px;\"><\/div>\n        <\/div>\n            <div class=\"kksr-star\" style=\"padding-right: 5px\">\n            \n\n<div class=\"kksr-icon\" style=\"width: 24px; height: 24px;\"><\/div>\n        <\/div>\n            <div class=\"kksr-star\" style=\"padding-right: 5px\">\n            \n\n<div class=\"kksr-icon\" style=\"width: 24px; height: 24px;\"><\/div>\n        <\/div>\n            <div class=\"kksr-star\" style=\"padding-right: 5px\">\n            \n\n<div class=\"kksr-icon\" style=\"width: 24px; height: 24px;\"><\/div>\n        <\/div>\n            <div class=\"kksr-star\" style=\"padding-right: 5px\">\n            \n\n<div class=\"kksr-icon\" style=\"width: 24px; height: 24px;\"><\/div>\n        <\/div>\n    <\/div>\n<\/div>\n                \n\n<div class=\"kksr-legend\" style=\"font-size: 19.2px;\">\n            Ocena 5\/5 - (1 g\u0142os\u00f3w)    <\/div>\n    <\/div>\n","protected":false},"excerpt":{"rendered":"<p>Zesp\u00f3\u0142 Poradni nr 1 w Lublinie Zesp\u00f3\u0142 Poradni nr 1 w Lublinie, obejmuj\u0105cy Poradni\u0119 Psychologiczno-Pedagogiczn\u0105 nr 5 oraz Specjalistyczn\u0105 Poradni\u0119 Zawodow\u0105, tworzy zintegrowan\u0105 ca\u0142o\u015b\u0107. Dzia\u0142a od 1972 roku, a od 1993 funkcjonuje w obecnym kszta\u0142cie. Jego g\u0142\u00f3wnym celem jest wspieranie wszechstronnego rozwoju dzieci i m\u0142odzie\u017cy oraz udzielanie im odpowiedniej pomocy. Od 2003 roku oferowana jest mo\u017cliwo\u015b\u0107 zdobywania do\u015bwiadczenia zawodowego poprzez wolontariat. Najcz\u0119\u015bciej anga\u017cuj\u0105 si\u0119 w niego studenci psychologii i pedagogiki, ale wsp\u00f3\u0142praca jest otwarta dla wszystkich zainteresowanych pomoc\u0105 dzieciom, m\u0142odzie\u017cy i ich rodzinom. Wolontariusze wspieraj\u0105 uczni\u00f3w, zw\u0142aszcza tych z trudno\u015bciami w nauce, dysleksj\u0105, nadpobudliwo\u015bci\u0105 lub problemami emocjonalnymi, zar\u00f3wno w szkole, &hellip; <\/p>\n","protected":false},"author":2,"featured_media":0,"parent":0,"menu_order":0,"comment_status":"closed","ping_status":"closed","template":"","meta":{"footnotes":""},"class_list":["post-2280","page","type-page","status-publish","hentry"],"_links":{"self":[{"href":"https:\/\/psychologuj.pl\/psychologia\/wp-json\/wp\/v2\/pages\/2280","targetHints":{"allow":["GET"]}}],"collection":[{"href":"https:\/\/psychologuj.pl\/psychologia\/wp-json\/wp\/v2\/pages"}],"about":[{"href":"https:\/\/psychologuj.pl\/psychologia\/wp-json\/wp\/v2\/types\/page"}],"author":[{"embeddable":true,"href":"https:\/\/psychologuj.pl\/psychologia\/wp-json\/wp\/v2\/users\/2"}],"replies":[{"embeddable":true,"href":"https:\/\/psychologuj.pl\/psychologia\/wp-json\/wp\/v2\/comments?post=2280"}],"version-history":[{"count":2,"href":"https:\/\/psychologuj.pl\/psychologia\/wp-json\/wp\/v2\/pages\/2280\/revisions"}],"predecessor-version":[{"id":2795,"href":"https:\/\/psychologuj.pl\/psychologia\/wp-json\/wp\/v2\/pages\/2280\/revisions\/2795"}],"wp:attachment":[{"href":"https:\/\/psychologuj.pl\/psychologia\/wp-json\/wp\/v2\/media?parent=2280"}],"curies":[{"name":"wp","href":"https:\/\/api.w.org\/{rel}","templated":true}]}}